t the prime factors of i.
3, 5, 67
Let r(t) = 22*t**3 - 13*t**2 + 10*t + 2. What are the prime factors of r(7)?
3, 13, 179
Suppose -r + 3*v - 569 = -4617, 2*v - 6 = 0. What are the prime factors of r?
4057
Let k be (-4)/((-36)/27) + -63. What are the prime factors of 3 + 170/k - (-10318)/12?
2, 5, 43
Let z(b) = -b - 1. Let o(v) = -v**3 - 16*v**2 + 2*v - 6. Let k(w) = o(w) + 3*z(w). Let f be k(-16). Suppose a + 366 = f*a. List the prime factors of a.
61
Let h be (-32)/(-16)*4/2. Suppose -h*l + 76 = -1352. List the prime factors of l.
3, 7, 17
Let g be 3 - (-2638 + 4 - 3). Let x = g - 1312. What are the prime factors of x?
2, 83
Suppose t + 44 = -6. Let f be (1/2)/(1/t). List the prime factors of 5/(f/(-85))*5.
5, 17
Let b(y) = 4*y + 7. Let z be b(-6). Let a be ((-10)/(-40))/((-3)/1884). Let r = z - a. What are the prime factors of r?
2, 5, 7
Let w(d) = -13*d + 30. Let x be w(0). Suppose -300 = -4*c + 4*n, c + 2*n - 39 = x. What are the prime factors of c?
73
Let z be (-2)/25 + 1241/(-425). List the prime factors of (-2 + -854)*(z + (-36)/(-16)).
2, 3, 107
List the prime factors of (-3)/(-4)*393928/123.
2, 1201
Suppose -144*y - 1484730 + 8701668 = -2434230. What are the prime factors of y?
2, 23, 31, 47
Let r(o) = -44823*o**3 - 2*o**2 + 9*o + 10. List the prime factors of r(-1).
2, 73, 307
Suppose 5*s = 6*j - 8*j + 6639, -j = 5*s - 3322. What are the prime factors of j?
31, 107
Suppose -21*x + 2043944 = 89*x + 9*x. What are the prime factors of x?
2, 19, 113
Suppose -3*n - 23*u + 6 = -19*u, 8 = 4*n - 4*u. Suppose 6*y - 3584 = 4*y + n*h, -2*y + 3583 = -h. List the prime factors of y.
3, 199
Suppose -10 = 2*x + 4*y, 0 = -4*x - 5*y - 10 + 2. Suppose 68 = x*d + 35. Let o(n) = 8*n - 2. List the prime factors of o(d).
2, 43
Let c be (26 - (-2 - 1)) + 2. Let s = 33 - c. Suppose 4*n - 354 = -s*h, -5*n + 165 = -0*h + h. List the prime factors of h.
5, 37
Let g be ((-1)/2)/((-27)/(-162)). What are the prime factors of 706 - (2 + -5 - 15/g)?
2, 11
Let v be ((-16)/(-12))/((-5)/(684195/(-4))). Suppose 50*n + v - 129013 = 0. What are the prime factors of n?
2, 3, 139
Let n(u) = 338*u**3 - 283 + 0*u**2 + 4*u + 0*u**2 + 280. What are the prime factors of n(1)?
3, 113
Let q(y) = -364*y - 850. What are the prime factors of q(-4)?
2, 3, 101
Let p(n) be the first derivative of -1/3*n**3 - 13 - 24*n - 8*n**2. List the prime factors of p(-12).
2, 3
Suppose 57*u - 22*u + 195699 - 919079 = 0. List the prime factors of u.
2, 5167
Let x = 633 + 7153. What are the prime factors of x?
2, 17, 229
Suppose 10*y - 17*y - 53*y = -1083780. List the prime factors of y.
3, 223
Suppose 120 = 4*q - 2*l, 126 = 4*q + 2*l - l. Suppose q*f - 3800 = 26*f. Suppose d + 3*d - 4*h = f, 3*d + 5*h - 538 = 0. List the prime factors of d.
2, 3, 31
Let p(k) = -16*k**2 + k - 3. Let w be p(-3). What are the prime factors of 3 + w/54 + 9338/18?
3, 173
Let x = -28 - -33. What are the prime factors of 149 + x + 0/4?
2, 7, 11
Suppose 19*r = 23*r + a - 33844, r + 2*a - 8461 = 0. List the prime factors of r.
8461
Suppose 0 = -22*h + 23*h - 3, -15821 = -4*w + 5*h. List the prime factors of w.
37, 107
Let q(o) = 7*o + 2200. Let r be q(0). List the prime factors of ((-27)/12)/((-33)/r).
2, 3, 5
Suppose -8120 = 13*f + f. Let o = f - -1419. List the prime factors of o.
839
Suppose -1266 = 8*l - 133674. What are the prime factors of l?
3, 613
Suppose -x + 1625 + 1116 = 0. List the prime factors of x.
2741
Let c be (-6)/4*4/(-3) - -1. Suppose 2*p - 1 = l - 6, -p - 13 = c*l. What are the prime factors of 3 + -6 - ((-258)/3 - p)?
79
Let u be (23 + 7)*(-20)/25. Let t(x) = -x**2 - 5*x + 10. Let r be t(-11). What are the prime factors of -24 - u - (-1 + r)?
3, 19
Let q = 89 + -87. Let o be 69/((0 - -2)/2). Suppose 0 = -3*i - 2*i + q*k + 87, -3*k + o = 3*i. List the prime factors of i.
19
What are the prime factors of (-18)/10 - (-239835)/75?
2, 17, 47
Let u = 2563 + 403. What are the prime factors of u?
2, 1483
Let h be -2 + 60/18 - 10244/6. Let t = -1026 - h. List the prime factors of t.
2, 5, 17
Let l(z) = -35*z - 3 - 20 - 21 + 2. What are the prime factors of l(-9)?
3, 7, 13
Let i(k) = k**3 - 26*k**2 - 90*k - 38. Let x be i(29). Let a = 550 - x. What are the prime factors of a?
3, 5
Let v be (4/5)/(6/(-5175)). Let f = v - -453. Let t = 370 + f. What are the prime factors of t?
7, 19
Let k(c) = -4*c - 25. Let l = -3 - -4. Let y be -4*(l + 7/4). List the prime factors of k(y).
19
Let w = 20510 + -6954. What are the prime factors of w?
2, 3389
Let t(d) = d**3 - 3*d**2 + d - 3. Let w be t(3). Suppose 5*y - 11*y + 30 = w. Suppose m + b = -0*b + 113, -y*b = 2*m - 232. List the prime factors of m.
3, 37
What are the prime factors of (-42)/(-28)*(13 + 807)?
2, 3, 5, 41
Let d(p) = 56973*p**2 + 161*p - 154. What are the prime factors of d(1)?
2, 5, 7, 11, 37
Let y be 56/30 - 14/(-105). Suppose 7 - y = 5*i. List the prime factors of ((0 - -89)*1)/i.
89
Let x = -48 + 73. Suppose -3*v = -8*v + x, -g = -v. Suppose g*r = 2*r + 171. List the prime factors of r.
3, 19
Let y = -4 - -18. Suppose 0 = 3*d - 3*a - 18, -3*d - a + 3*a + y = 0. Suppose -b - 88 = -d*b. List the prime factors of b.
2, 11
Let k be -7 + 24 + (9 - 6). Let y(x) = 38*x + 10. List the prime factors of y(k).
2, 5, 7, 11
Let j = -1997 - -6233. List the prime factors of j.
2, 3, 353
Let y(u) = -u - 22. Suppose 19 = -l - 5. Let z be y(l). Suppose -3*a + 879 = 4*d + 233, -4*a = -z*d + 312. List the prime factors of d.
2, 5
Let h(x) = x**3 - 9*x**2 - x - 14. Let p be h(6). Let q = -84 + 264. Let i = q + p. List the prime factors of i.
2, 13
Let t(j) = -375*j + 90. Let g be t(-3). Suppose -12*x = -18537 - g. List the prime factors of x.
2, 823
Suppose -5*j - 8*u + 13*u = -138650, -3*j - 3*u = -83154. List the prime factors of j.
2, 29, 239
Let v = 28738 - 3509. List the prime factors of v.
25229
Let d(a) = -3149*a - 11686. List the prime factors of d(-13).
29251
Let c be 1433/6 + 11/66. Let d = c + -105. Let j = -63 + d. What are the prime factors of j?
71
Let z(l) = 18*l. Let u be z(-5). List the prime factors of 2541/9 - 1 - 60/u.
2, 3, 47
Suppose -4*d = -40 + 24. Suppose 0 = -2*s + 2*n - 18, 3*n = d*s - 8*s - 1. What are the prime factors of s/10*14*-10?
2, 7
Let h be 157 + (-4)/(-8)*-10. Let g = 656 - h. List the prime factors of g.
2, 3, 7
Let b(u) = -133*u**3 - 2*u**2 - 17*u - 143. List the prime factors of b(-6).
5, 59, 97
Suppose -3*x - 49 = -4*x. Let a = 64 - x. Suppose 0 = u - a. What are the prime factors of u?
3, 5
Suppose 50*i + 8*i = 10*i + 202944. What are the prime factors of i?
2, 7, 151
Let x = 10511 + -6982. Let u(s) = -x*s**3 + 4*s + 0*s + 21*s**2 + 3528*s**3 - 26. What are the prime factors of u(21)?
2, 29
Suppose 20 = 4*u, -4*h = 4*u - u - 67. Suppose h*m = 5*m + 1304. Suppose -9*f + 224 = -m. List the prime factors of f.
43
Let l(r) = 2115*r**3 + 25*r**2 - 56*r - 42. What are the prime factors of l(3)?
2, 3, 5, 7, 17
Let o(j) = 3*j - 13*j + 205 - 229 - 12*j. List the prime factors of o(-6).
2, 3
Let h(a) = -6*a**2 + 12*a - 2. Let x(u) = -13*u**2 + 24*u - 5. Let z(w) = 5*h(w) - 3*x(w). List the prime factors of z(6).
257
Suppose 1007 = 8*i + 295. Suppose -i*y = -94*y + 460. What are the prime factors of y?
2, 23
What are the prime factors of (8 - 40/(-10)) + 3058?
2, 5, 307
Let l(q) = -48*q**3 - 5*q**2 - 4*q - 7. Suppose 4*b - 1 - 2 = -3*z, 4*z = -b - 9. List the prime factors of l(z).
2, 157
Let o(i) = i**3 + 3*i**2 + 4*i + 10274. List the prime factors of o(0).
2, 11, 467
Let s be 288/12*1*6/(-8). List the prime factors of (2424/(-60))/(s/15)*6.
2, 101
Let n = 57 + -51. Suppose -l = l - 4. List the prime factors of l/(-6)*1 - (-566)/n.
2, 47
Let k be 5950/272 - (-2)/16. Suppose -k*f + 22080 = 10*f. List the prime factors of f.
2, 3, 5, 23
Let q = -190500 + 268463. What are the prime factors of q?
53, 1471
Let t(u) = 674*u + 23. Let l be t(-4). Let z be (-6)/(-3) + l/9. Let x = 443 + z. List the prime factors of x.
2, 37
Let c = 20199 - 12459. List the prime factors of c.
2, 3, 5, 43
Suppose 0*t + 4*t = 8. Let g(w) = 5*w**3 + 6*w**t - 5*w + 2 + 5 + 2*w**3 - 8*w**3. What are the prime factors of g(4)?
19
Suppose 3*m - 24 = -4*z, -10 = -m - 0*z - 2*z. Suppose m*a = 4*x - 400, -7*x + 2*x + 540 = 3*a. Let g = 183 - x. List the prime factors of g